 30 and 312.
6
Calculate the highest common factor of 48 and 60.
12
Calculate the highest common factor of 648 and 468.
36
Calculate the greatest common divisor of 45890 and 10.
10
What is the greatest common divisor of 323 and 38?
19
Calculate the greatest common factor of 1280 and 400.
80
What is the greatest common divisor of 22 and 22?
22
What is the greatest common factor of 1480 and 50?
10
Calculate the highest common factor of 184 and 16.
8
What is the greatest common factor of 294 and 6?
6
Calculate the greatest common divisor of 7 and 77.
7
What is the highest common factor of 1333 and 1302?
31
What is the greatest common divisor of 713 and 368?
23
What is the greatest common divisor of 52 and 2730?
26
What is the highest common factor of 215 and 10?
5
Calculate the greatest common divisor of 380 and 1960.
20
What is the highest common divisor of 2147 and 113?
113
Calculate the highest common divisor of 1845 and 135.
45
What is the greatest common factor of 1088 and 680?
136
Calculate the greatest common factor of 5 and 5.
5
What is the greatest common factor of 30 and 70?
10
Calculate the highest common factor of 3477 and 285.
57
Calculate the highest common factor of 288 and 1107.
9
What is the greatest common divisor of 147 and 399?
21
What is the highest common factor of 390 and 1090?
10
What is the highest common divisor of 528 and 2508?
132
Calculate the highest common factor of 47590 and 10.
10
Calculate the greatest common factor of 2064 and 21.
3
Calculate the greatest common divisor of 155 and 558.
31
Calculate the greatest common divisor of 2354 and 66.
22
What is the greatest common factor of 1254 and 66?
66
What is the greatest common divisor of 21 and 1659?
21
What is the greatest common divisor of 832 and 64?
64
Calculate the greatest common factor of 150 and 6.
6
What is the highest common divisor of 5017 and 173?
173
Calculate the greatest common divisor of 368 and 138.
46
What is the highest common factor of 63 and 147?
21
What is the highest common factor of 420 and 20?
20
What is the highest common divisor of 5888 and 144?
16
Calculate the greatest common factor of 3 and 107.
1
Calculate the greatest common factor of 425 and 25.
25
Calculate the highest common divisor of 63 and 133.
7
What is the greatest common factor of 11184 and 144?
48
What is the greatest common divisor of 360 and 4040?
40
Calculate the greatest common factor of 811 and 2.
1
Calculate the highest common divisor of 4303 and 3641.
331
What is the highest common divisor of 87 and 6?
3
What is the highest common factor of 24 and 4552?
8
What is the greatest common divisor of 910 and 572?
26
What is the highest common divisor of 303 and 404?
101
Calculate the greatest common divisor of 143 and 88.
11
What is the highest common divisor of 36 and 180?
36
Calculate the greatest common divisor of 3591 and 1881.
171
Calculate the greatest common divisor of 11403 and 63.
63
What is the highest common divisor of 141338 and 34?
34
Calculate the greatest common factor of 4 and 4412.
4
Calculate the greatest common factor of 18 and 477.
9
What is the greatest common factor of 2091 and 102?
51
Calculate the greatest common divisor of 46 and 1679.
23
What is the greatest common factor of 232 and 8?
8
Calculate the highest common divisor of 721 and 309.
103
What is the highest common divisor of 756 and 308?
28
Calculate the greatest common divisor of 340 and 544.
68
Calculate the highest common divisor of 684 and 5092.
76
Calculate the greatest common divisor of 14477 and 62.
31
What is the highest common divisor of 114 and 2337?
57
What is the greatest common divisor of 99 and 1023?
33
What is the greatest common factor of 660 and 495?
165
What is the highest common divisor of 10 and 2?
2
Calculate the greatest common divisor of 182 and 5174.
26
What is the greatest common divisor of 5614 and 42?
14
What is the greatest common factor of 296 and 111?
37
Calculate the highest common divisor of 2 and 715.
1
Calculate the greatest common factor of 208 and 52.
52
What is the greatest common factor of 72 and 216?
72
What is the highest common factor of 38 and 3439?
19
What is the highest common divisor of 380 and 30?
10
Calculate the greatest common factor of 304 and 1.
1
Calculate the greatest common factor of 129717 and 261.
261
Calculate the greatest common divisor of 63 and 6.
3
What is the highest common factor of 22 and 308?
22
What is the highest common divisor of 1520 and 40?
40
What is the greatest common factor of 896 and 14?
14
What is the highest common factor of 36 and 1044?
36
Calculate the highest common factor of 578 and 102.
34
Calculate the greatest common factor of 75 and 25.
25
What is the greatest common divisor of 441 and 9?
9
What is the highest common factor of 32 and 608?
32
What is the greatest common divisor of 230 and 10?
10
Calculate the greatest common divisor of 238 and 182.
14
Calculate the greatest common divisor of 1312 and 24.
8
Calculate the highest common factor of 72 and 1032.
24
What is the greatest common divisor of 330 and 132?
66
Calculate the greatest common divisor of 54 and 120.
6
What is the greatest common factor of 20 and 340?
20
What is the highest common divisor of 14056 and 224?
56
Calculate the greatest common factor of 77 and 22.
11
What is the highest common factor of 111 and 407?
37
Calculate the greatest common divisor of 444 and 288.
12
Calculate the highest common divisor of 37 and 851.
37
What is the greatest common factor of 12 and 732?
12
What is the highest common divisor of 308 and 539?
77
Calculate the highest common factor of 1598 and 94.
94
Calculate the highest common divisor of 279 and 27.
9
What is the highest common factor of 36 and 393?
3
What is the highest common divisor of 3 and 33?
3
What is the greatest common divisor of 14 and 2758?
14
Calculate the highest common factor of 3784 and 22.
22
Calculate the greatest common factor of 75 and 120.
15
What is the greatest common divisor of 64 and 80?
16
Calculate the greatest common factor of 13 and 25909.
13
Calculate the highest common divisor of 180 and 1140.
60
Calculate the highest common factor of 522 and 153.
9
Calculate the greatest common divisor of 45 and 7065.
45
Calculate the highest common factor of 34 and 1088.
34
What is the highest common factor of 29371 and 23?
23
What is the greatest common factor of 10231 and 13?
13
Calculate the highest common factor of 572 and 3575.
143
What is the greatest common factor of 515 and 65?
5
What is the greatest common divisor of 648 and 49572?
324
What is the highest common factor of 615 and 30?
15
Calculate the greatest common divisor of 290 and 18995.
145
Calculate the greatest common factor of 1064 and 56.
56
Calculate the highest common divisor of 1 and 23.
1
Calculate the greatest common factor of 96 and 312.
24
What is the greatest common factor of 156 and 5382?
78
Calculate the highest common divisor of 105 and 2235.
15
What is the highest common divisor of 148 and 6031?
37
What is the greatest common divisor of 275 and 200?
25
Calculate the greatest common factor of 2262 and 858.
78
What is the highest common divisor of 88 and 22616?
88
Calculate the greatest common divisor of 374 and 44.
22
What is the highest common divisor of 1768 and 26?
26
Calculate the highest common factor of 294 and 168.
42
Calculate the greatest common divisor of 170 and 3264.
34
Calculate the greatest common factor of 434 and 14.
14
What is the greatest common divisor of 26 and 10?
2
Calculate the greatest common divisor of 84 and 1148.
28
Calculate the greatest common divisor of 291 and 6.
3
Calculate the greatest common divisor of 14 and 12047.
7
Calculate the highest common factor of 4 and 82.
2
Calculate the highest common divisor of 19 and 89.
1
What is the highest common factor of 18 and 81?
9
What is the highest common factor of 172 and 731?
43
What is the greatest common factor of 2397 and 153?
51
Calculate the greatest common factor of 6016 and 4136.
376
Calculate the greatest common divisor of 131 and 6157.
131
Calculate the greatest common divisor of 154 and 434.
14
What is the highest common factor of 259 and 148?
37
Calculate the highest common divisor of 134 and 16750.
134
Calculate the highest